{"id":9,"date":"2026-01-22T11:01:07","date_gmt":"2026-01-22T11:01:07","guid":{"rendered":"https:\/\/meine-iwb2022.punktfischer.ch\/?page_id=9"},"modified":"2026-01-22T11:01:07","modified_gmt":"2026-01-22T11:01:07","slug":"einleitung-und-uebersicht","status":"publish","type":"page","link":"https:\/\/meine-iwb2022.punktfischer.ch\/?page_id=9","title":{"rendered":"Einleitung und \u00dcbersicht"},"content":{"rendered":"<article class=\"sections\" id=\"sections\" data-page-sections=\"6351623e2b68bc16ad0c9d48\">\n<section\n  data-test=\"page-section\"\n  \n  data-section-theme=\"black\"\n  class='page-section \n    \n      layout-engine-section\n    \n    background-width--full-bleed\n    \n      section-height--medium\n    \n    \n      content-width--medium\n    \n    horizontal-alignment--left\n    vertical-alignment--bottom\n    \n       has-background\n    \n    \n    black'\n  \n  data-section-id=\"6351656bc803f87fecfb68df\"\n  \n  data-controller=\"SectionWrapperController\"\n  data-current-styles=\"{\n  &quot;backgroundImage&quot;: {\n    &quot;id&quot;: &quot;635168ffea1d6e6e2f50db36&quot;,\n    &quot;recordType&quot;: 2,\n    &quot;addedOn&quot;: 1666279679523,\n    &quot;updatedOn&quot;: 1666279679553,\n    &quot;workflowState&quot;: 1,\n    &quot;publishOn&quot;: 1666279679523,\n    &quot;authorId&quot;: &quot;6347e8c241d1af6e5ebbd390&quot;,\n    &quot;systemDataId&quot;: &quot;27e18742-7e9d-456c-b21a-fad146e873cf&quot;,\n    &quot;systemDataVariants&quot;: &quot;2000x1486,100w,300w,500w,750w,1000w,1500w&quot;,\n    &quot;systemDataSourceType&quot;: &quot;JPG&quot;,\n    &quot;filename&quot;: &quot;Blick in die Weite.jpg&quot;,\n    &quot;mediaFocalPoint&quot;: {\n      &quot;x&quot;: 0.5,\n      &quot;y&quot;: 0.5,\n      &quot;source&quot;: 3\n    },\n    &quot;colorData&quot;: {\n      &quot;topLeftAverage&quot;: &quot;f4f5f7&quot;,\n      &quot;topRightAverage&quot;: &quot;f5f7f9&quot;,\n      &quot;bottomLeftAverage&quot;: &quot;75645b&quot;,\n      &quot;bottomRightAverage&quot;: &quot;6b4e35&quot;,\n      &quot;centerAverage&quot;: &quot;a7a1a1&quot;,\n      &quot;suggestedBgColor&quot;: &quot;9b9691&quot;\n    },\n    &quot;urlId&quot;: &quot;a2hvllre2z5hk5llfl9l2806omz60s&quot;,\n    &quot;title&quot;: &quot;&quot;,\n    &quot;body&quot;: null,\n    &quot;likeCount&quot;: 0,\n    &quot;commentCount&quot;: 0,\n    &quot;publicCommentCount&quot;: 0,\n    &quot;commentState&quot;: 2,\n    &quot;unsaved&quot;: false,\n    &quot;assetUrl&quot;: &quot;https:\/\/images.squarespace-cdn.com\/content\/v1\/63515db5655d2e2fded9c25c\/27e18742-7e9d-456c-b21a-fad146e873cf\/Blick+in+die+Weite.jpg&quot;,\n    &quot;contentType&quot;: &quot;image\/jpeg&quot;,\n    &quot;items&quot;: [ ],\n    &quot;pushedServices&quot;: { },\n    &quot;pendingPushedServices&quot;: { },\n    &quot;recordTypeLabel&quot;: &quot;image&quot;,\n    &quot;originalSize&quot;: &quot;2000x1486&quot;\n  },\n  &quot;imageOverlayOpacity&quot;: 0.15,\n  &quot;backgroundWidth&quot;: &quot;background-width--full-bleed&quot;,\n  &quot;sectionHeight&quot;: &quot;section-height--medium&quot;,\n  &quot;customSectionHeight&quot;: 85,\n  &quot;horizontalAlignment&quot;: &quot;horizontal-alignment--left&quot;,\n  &quot;verticalAlignment&quot;: &quot;vertical-alignment--bottom&quot;,\n  &quot;contentWidth&quot;: &quot;content-width--medium&quot;,\n  &quot;sectionTheme&quot;: &quot;black&quot;,\n  &quot;sectionAnimation&quot;: &quot;none&quot;,\n  &quot;backgroundMode&quot;: &quot;image&quot;\n}\"\n  data-current-context=\"{\n  &quot;video&quot;: {\n    &quot;playbackSpeed&quot;: 0.5,\n    &quot;filter&quot;: 1,\n    &quot;filterStrength&quot;: 0,\n    &quot;zoom&quot;: 0,\n    &quot;videoSourceProvider&quot;: &quot;none&quot;\n  },\n  &quot;backgroundImageId&quot;: null,\n  &quot;backgroundMediaEffect&quot;: {\n    &quot;type&quot;: &quot;none&quot;\n  },\n  &quot;divider&quot;: null,\n  &quot;typeName&quot;: null\n}\"\n  data-animation=\"none\"\n  \n   \n  \n    \n  \n  \n><\/p>\n<div\n    class=\"section-border\"\n    \n  ><\/p>\n<div class=\"section-background\">\n<p><img fetchpriority=\"high\" alt=\"\" src=\"https:\/\/images.squarespace-cdn.com\/content\/v1\/63515db5655d2e2fded9c25c\/27e18742-7e9d-456c-b21a-fad146e873cf\/Blick+in+die+Weite.jpg\" data-image=\"https:\/\/images.squarespace-cdn.com\/content\/v1\/63515db5655d2e2fded9c25c\/27e18742-7e9d-456c-b21a-fad146e873cf\/Blick+in+die+Weite.jpg\" data-image-dimensions=\"2000x1486\" data-image-focal-point=\"0.5,0.5\" alt=\"Blick in die Weite.jpg\" data-load=\"false\" elementtiming=\"nbf-background\" src=\"https:\/\/images.squarespace-cdn.com\/content\/v1\/63515db5655d2e2fded9c25c\/27e18742-7e9d-456c-b21a-fad146e873cf\/Blick+in+die+Weite.jpg\" width=\"2000\" height=\"1486\" alt=\"\" sizes=\"(max-width: 799px) 200vw, 100vw\" style=\"display:block;object-position: 50% 50%\" srcset=\"https:\/\/images.squarespace-cdn.com\/content\/v1\/63515db5655d2e2fded9c25c\/27e18742-7e9d-456c-b21a-fad146e873cf\/Blick+in+die+Weite.jpg?format=100w 100w, https:\/\/images.squarespace-cdn.com\/content\/v1\/63515db5655d2e2fded9c25c\/27e18742-7e9d-456c-b21a-fad146e873cf\/Blick+in+die+Weite.jpg?format=300w 300w, https:\/\/images.squarespace-cdn.com\/content\/v1\/63515db5655d2e2fded9c25c\/27e18742-7e9d-456c-b21a-fad146e873cf\/Blick+in+die+Weite.jpg?format=500w 500w, https:\/\/images.squarespace-cdn.com\/content\/v1\/63515db5655d2e2fded9c25c\/27e18742-7e9d-456c-b21a-fad146e873cf\/Blick+in+die+Weite.jpg?format=750w 750w, https:\/\/images.squarespace-cdn.com\/content\/v1\/63515db5655d2e2fded9c25c\/27e18742-7e9d-456c-b21a-fad146e873cf\/Blick+in+die+Weite.jpg?format=1000w 1000w, https:\/\/images.squarespace-cdn.com\/content\/v1\/63515db5655d2e2fded9c25c\/27e18742-7e9d-456c-b21a-fad146e873cf\/Blick+in+die+Weite.jpg?format=1500w 1500w, https:\/\/images.squarespace-cdn.com\/content\/v1\/63515db5655d2e2fded9c25c\/27e18742-7e9d-456c-b21a-fad146e873cf\/Blick+in+die+Weite.jpg?format=2500w 2500w\" fetchpriority=\"high\" loading=\"eager\" decoding=\"async\" data-loader=\"sqs\"><\/p>\n<div class=\"section-background-overlay\" style=\"opacity: 0.15;\"><\/div>\n<\/p><\/div>\n<\/p><\/div>\n<div\n    class='content-wrapper'\n    style='\n      \n        \n      \n    '\n  ><\/p>\n<div\n      class=\"content\"\n      \n    ><\/p>\n<div class=\"sqs-layout sqs-grid-12 columns-12\" data-type=\"page-section\" id=\"page-section-6351656bc803f87fecfb68df\">\n<div class=\"row sqs-row\">\n<div class=\"col sqs-col-12 span-12\">\n<div class=\"sqs-block html-block sqs-block-html\" data-block-type=\"2\" data-border-radii=\"&#123;&quot;topLeft&quot;:&#123;&quot;unit&quot;:&quot;px&quot;,&quot;value&quot;:0.0&#125;,&quot;topRight&quot;:&#123;&quot;unit&quot;:&quot;px&quot;,&quot;value&quot;:0.0&#125;,&quot;bottomLeft&quot;:&#123;&quot;unit&quot;:&quot;px&quot;,&quot;value&quot;:0.0&#125;,&quot;bottomRight&quot;:&#123;&quot;unit&quot;:&quot;px&quot;,&quot;value&quot;:0.0&#125;&#125;\" data-sqsp-block=\"text\" id=\"block-4a8d7a27ced27ada1f4f\">\n<div class=\"sqs-block-content\">\n<div class=\"sqs-html-content\" data-sqsp-text-block-content>\n<h2 style=\"white-space:pre-wrap;\">Auch wenn vieles anders gekommen ist \u2013 eine ausserordentliche und eindr\u00fcckliche Zeit liegt hinter mir.<\/h2>\n<\/div>\n<\/div>\n<\/div>\n<\/div>\n<\/div>\n<\/div><\/div>\n<\/p><\/div>\n<\/section>\n<section\n  data-test=\"page-section\"\n  \n  data-section-theme=\"\"\n  class='page-section \n    \n      layout-engine-section\n    \n    background-width--full-bleed\n    \n      \n      \n    \n    \n      content-width--wide\n    \n    horizontal-alignment--center\n    vertical-alignment--top\n    \n      \n    \n    \n    '\n  \n  data-section-id=\"6351693ad78e6535373b1370\"\n  \n  data-controller=\"SectionWrapperController\"\n  data-current-styles=\"{\n  &quot;imageOverlayOpacity&quot;: 0.15,\n  &quot;backgroundWidth&quot;: &quot;background-width--full-bleed&quot;,\n  &quot;sectionHeight&quot;: &quot;section-height--custom&quot;,\n  &quot;customSectionHeight&quot;: 20,\n  &quot;horizontalAlignment&quot;: &quot;horizontal-alignment--center&quot;,\n  &quot;verticalAlignment&quot;: &quot;vertical-alignment--top&quot;,\n  &quot;contentWidth&quot;: &quot;content-width--wide&quot;,\n  &quot;sectionTheme&quot;: &quot;&quot;,\n  &quot;sectionAnimation&quot;: &quot;none&quot;,\n  &quot;backgroundMode&quot;: &quot;image&quot;\n}\"\n  data-current-context=\"{\n  &quot;video&quot;: {\n    &quot;playbackSpeed&quot;: 0.5,\n    &quot;filter&quot;: 1,\n    &quot;filterStrength&quot;: 0,\n    &quot;zoom&quot;: 0,\n    &quot;videoSourceProvider&quot;: &quot;none&quot;\n  },\n  &quot;backgroundImageId&quot;: null,\n  &quot;backgroundMediaEffect&quot;: {\n    &quot;type&quot;: &quot;none&quot;\n  },\n  &quot;divider&quot;: null,\n  &quot;typeName&quot;: null\n}\"\n  data-animation=\"none\"\n  \n   \n  \n     style=\"min-height: 20vh;\" \n  \n  \n><\/p>\n<div\n    class=\"section-border\"\n    \n  ><\/p>\n<div class=\"section-background\"><\/div>\n<\/p><\/div>\n<div\n    class='content-wrapper'\n    style='\n      \n        \n           padding-bottom: calc(20vmax \/ 5);\n        \n      \n    '\n  ><\/p>\n<div\n      class=\"content\"\n      \n    ><\/p>\n<div class=\"sqs-layout sqs-grid-12 columns-12\" data-type=\"page-section\" id=\"page-section-6351693ad78e6535373b1370\">\n<div class=\"row sqs-row\">\n<div class=\"col sqs-col-5 span-5\">\n<div class=\"sqs-block html-block sqs-block-html\" data-block-type=\"2\" data-border-radii=\"&#123;&quot;topLeft&quot;:&#123;&quot;unit&quot;:&quot;px&quot;,&quot;value&quot;:0.0&#125;,&quot;topRight&quot;:&#123;&quot;unit&quot;:&quot;px&quot;,&quot;value&quot;:0.0&#125;,&quot;bottomLeft&quot;:&#123;&quot;unit&quot;:&quot;px&quot;,&quot;value&quot;:0.0&#125;,&quot;bottomRight&quot;:&#123;&quot;unit&quot;:&quot;px&quot;,&quot;value&quot;:0.0&#125;&#125;\" data-sqsp-block=\"text\" id=\"block-d0867d939dc3e523ced0\">\n<div class=\"sqs-block-content\">\n<div class=\"sqs-html-content\" data-sqsp-text-block-content>\n<p class=\"sqsrte-large\" style=\"white-space:pre-wrap;\">Ein halbes Jahr Intensivweiterbildung liegt hinter mir. F\u00fcr einige Monate konnte ich all meinen Aufgaben den R\u00fccken zuwenden und durfte meine Rolle als Lehrperson und Leiter mit derjenigen des Lernenden und Entdeckenden tauschen. Eine M\u00f6glichkeit von unsch\u00e4tzbarem Wert, f\u00fcr die ich sehr dankbar bin.<\/p>\n<p class=\"sqsrte-large\" style=\"white-space:pre-wrap;\">Am 21. September 2020 wurde mein Antrag f\u00fcr eine Intensivweiterbildung von der Berufsfachschulkommission genehmigt. Ich freute mich sehr dar\u00fcber, dass ich damit meine Planung zu den drei inhaltlichen Vorgaben der IWB am GBS \u2013 im fachdidaktischen, fachwissenschaftlichen und pers\u00f6nlichen Teil \u2013 nun intensivieren und umsetzen konnte. Leider zeigte sich aber bald, dass durch die anhaltende Pandemie viele Projekte gar nicht umsetzbar waren. Auch die Verschiebung um ein halbes Jahr brachte leider nicht den erhofften Erfolg. So war eine angepasste, fast komplett neue Planung n\u00f6tig, um die wichtigsten vorgenommenen Zielsetzungen in den drei Teilthemen realisieren zu k\u00f6nnen.<\/p>\n<p class=\"sqsrte-large\" style=\"white-space:pre-wrap;\">Eine Intensivweiterbildung in diesem Umfang er\u00f6ffnet einem den Spielraum, w\u00e4hrend einer l\u00e4ngeren Zeit Inhalte zu verfolgen, welche im schulischen Alltag keinen Platz haben. F\u00fcr mich gibt es nach dieser langen Zeit als Lehrperson und Leiter der Fachklasse Grafik an der Schule f\u00fcr Gestaltung am GBS St.Gallen sehr viele solcher Themen. W\u00e4hrend sich die einen um technische Aktualisierungen und Methodik drehen, sind andere im Bereich der Inspiration, Motivation und Pers\u00f6nlichkeitsentwicklung zu finden. Es tat sich also ein grosses Feld an interessanten Inhalten auf.<\/p>\n<p class=\"sqsrte-large\" style=\"white-space:pre-wrap;\">F\u00fcr meinen fachdidaktischen Teil wollte ich auf jeden Fall die englische Sprache als zentralen Teil beibehalten. Als Ersatz f\u00fcr die urspr\u00fcngliche Absicht, meine Englischkenntnisse beim Unterrichten an einer Berufsschule in Neuseeland zu verbessern, suchte ich nach vergleichbaren M\u00f6glichkeiten. In der kurzen Zeit, die mir bis zum Start noch zur Verf\u00fcgung stand, war leider nichts Vergleichbares zu organisieren. So suchte ich als Alternative eine Sprachschule in einem Land in das die Einreise zu diesem Zeitpunkt erlaubt war. Die \u201aGood Hope Studies\u2018 in Kapstadt bot ein Intensivenglisch-Programm an, welches mir die \u201aPro Linguis\u2018 empfehlen konnte. An einen, mir v\u00f6llig unbekannten Ort, in einem neuen Kontinent, zu reisen und dies in der unsicheren Pandemiesituation, war eine grosse Herausforderung f\u00fcr mich. Meine gesamte Zeit in Kapstadt war von der Maskenpflicht begleitet, am Anfang sogar unter polizeilicher Kontrolle im \u00f6ffentlichen Raum. Noch mehr zu schaffen machte mir allerdings in ein Land zu fahren, welches zu den \u00e4rmsten der Welt geh\u00f6rt und in dem die Kriminalit\u00e4tsrate hoch oben auf der Liste steht. <\/p>\n<p class=\"sqsrte-large\" style=\"white-space:pre-wrap;\">Auch die Planung der nachfolgenden Projekte verlangte mir grosse Flexibilit\u00e4t ab. Meine Vorstellung zur Umsetzung f\u00fcr den fachwissenschaftlichen und den pers\u00f6nlichen Teil waren noch lose Puzzleteile, welche ich, weiterhin unter Ber\u00fccksichtigung der Corona-Entwicklung, mehrmals anpassen musste. <\/p>\n<p class=\"sqsrte-large\" style=\"white-space:pre-wrap;\">Es kamen schlussendlich diese weiteren Vorhaben zustande: Besuch des Hosa Hope Centers und der JGT-Technical School am West Kap in S\u00fcdafrika, ein Monat Betriebspraktikum bei der Agentur Q-Kreativgesellschaft in Wiesbaden, zwei Wochen Betriebspraktikum bei der Buchbinderei Sanders in Innsbruck, der Besuch der 59.Biennale in Venedig, die Reise von Kapstadt nach Port Elizabeth, ein Segelabenteuer im ionischen Meer und die \u00dcberquerung der Alpen von Innsbruck nach Venedig. <\/p>\n<p class=\"sqsrte-large\" style=\"white-space:pre-wrap;\">Im Nachhinein lassen sich der fachdidaktische, der fachwissenschaftliche und der pers\u00f6nliche Teil nicht voneinander trennen und in die vorgedachten Drittel aufteilen. Das Wichtigste in dieser Zeit waren f\u00fcr mich doch vorallem Raum und Gelegenheit zu haben f\u00fcr neue berufliche und pers\u00f6nliche Impulse, um alte Kontakte aufzufrischen und neue f\u00fcr die Zukunft zu kn\u00fcpfen. &nbsp; &nbsp;<\/p>\n<\/div>\n<\/div>\n<\/div>\n<\/div>\n<div class=\"col sqs-col-2 span-2\"><\/div>\n<div class=\"col sqs-col-5 span-5\">\n<div class=\"sqs-block html-block sqs-block-html\" data-block-type=\"2\" data-border-radii=\"&#123;&quot;topLeft&quot;:&#123;&quot;unit&quot;:&quot;px&quot;,&quot;value&quot;:0.0&#125;,&quot;topRight&quot;:&#123;&quot;unit&quot;:&quot;px&quot;,&quot;value&quot;:0.0&#125;,&quot;bottomLeft&quot;:&#123;&quot;unit&quot;:&quot;px&quot;,&quot;value&quot;:0.0&#125;,&quot;bottomRight&quot;:&#123;&quot;unit&quot;:&quot;px&quot;,&quot;value&quot;:0.0&#125;&#125;\" data-sqsp-block=\"text\" id=\"block-1b4491fd9a67bb0e615e\">\n<div class=\"sqs-block-content\">\n<div class=\"sqs-html-content\" data-sqsp-text-block-content>\n<p class=\"sqsrte-large\" style=\"white-space:pre-wrap;\">Mit der vorliegenden Webseite will ich die einzelnen Thementeile mit Zusammenfassungen und Bildern dokumentieren. Erg\u00e4nzt werden diese jeweils durch meine vorg\u00e4ngigen Zielsetzungen, gezogene Fazite und fachdidaktische Erkenntnisse, welche ich daraus gewonnen habe. <\/p>\n<p class=\"sqsrte-large\" style=\"white-space:pre-wrap;\">Mit etwas Abstand blicke ich heute auf eine einzigartige, sehr eindr\u00fcckliche Zeit zur\u00fcck. Diese Zeit der Entschleunigung und der Selbstbestimmung war f\u00fcr mich \u00e4usserst wertvoll und wird sich l\u00e4ngerfristig nachhaltig auf mein Leben und meinen Schulalltag auswirken. Nach mehr als zwanzig Jahren als Lehr- und Leitungsperson der Fachklasse Grafik an der Schule f\u00fcr Gestaltung am GBS St.Gallen kam f\u00fcr mich diese Intensivweiterbildung zum richtigen Zeitpunkt.<\/p>\n<p class=\"sqsrte-large\" style=\"white-space:pre-wrap;\">An dieser Stelle m\u00f6chte ich mich ganz herzlich f\u00fcr dieses Geschenk des Kantons und das entgegengebrachte Vertrauen der Schulleitung bedanken. Mein besonderer Dank geht auch an meine Kollegin Anita Meier, die w\u00e4hrend meiner Abwesenheit die Stellvertretung mit grossem Engagement \u00fcbernommen hat und nicht zu letzt an meine Partnerin Anna und meine Tochter Klara, die mir diesen Freiraum \u00fcberhaupt erm\u00f6glicht haben.  <\/p>\n<p class=\"\" style=\"white-space:pre-wrap;\">Andreas Tschachtli<\/p>\n<\/div>\n<\/div>\n<\/div>\n<\/div>\n<\/div>\n<\/div><\/div>\n<\/p><\/div>\n<\/section>\n<\/article>\n","protected":false},"excerpt":{"rendered":"<p>Auch wenn vieles anders gekommen ist \u2013 eine ausserordentliche und eindr\u00fcckliche Zeit liegt hinter mir. Ein halbes Jahr Intensivweiterbildung liegt hinter mir. F\u00fcr einige Monate konnte ich all meinen Aufgaben den R\u00fccken zuwenden und durfte meine Rolle als Lehrperson und Leiter mit derjenigen des Lernenden und Entdeckenden tauschen. Eine M\u00f6glichkeit von unsch\u00e4tzbarem Wert, f\u00fcr die [&hellip;]<\/p>\n","protected":false},"author":1,"featured_media":0,"parent":0,"menu_order":0,"comment_status":"closed","ping_status":"closed","template":"","meta":{"footnotes":""},"class_list":["post-9","page","type-page","status-publish","hentry"],"_links":{"self":[{"href":"https:\/\/meine-iwb2022.punktfischer.ch\/index.php?rest_route=\/wp\/v2\/pages\/9","targetHints":{"allow":["GET"]}}],"collection":[{"href":"https:\/\/meine-iwb2022.punktfischer.ch\/index.php?rest_route=\/wp\/v2\/pages"}],"about":[{"href":"https:\/\/meine-iwb2022.punktfischer.ch\/index.php?rest_route=\/wp\/v2\/types\/page"}],"author":[{"embeddable":true,"href":"https:\/\/meine-iwb2022.punktfischer.ch\/index.php?rest_route=\/wp\/v2\/users\/1"}],"replies":[{"embeddable":true,"href":"https:\/\/meine-iwb2022.punktfischer.ch\/index.php?rest_route=%2Fwp%2Fv2%2Fcomments&post=9"}],"version-history":[{"count":1,"href":"https:\/\/meine-iwb2022.punktfischer.ch\/index.php?rest_route=\/wp\/v2\/pages\/9\/revisions"}],"predecessor-version":[{"id":69,"href":"https:\/\/meine-iwb2022.punktfischer.ch\/index.php?rest_route=\/wp\/v2\/pages\/9\/revisions\/69"}],"wp:attachment":[{"href":"https:\/\/meine-iwb2022.punktfischer.ch\/index.php?rest_route=%2Fwp%2Fv2%2Fmedia&parent=9"}],"curies":[{"name":"wp","href":"https:\/\/api.w.org\/{rel}","templated":true}]}}